{"id":1534,"date":"2018-04-24T09:45:54","date_gmt":"2018-04-24T09:45:54","guid":{"rendered":"http:\/\/bridge231.qodeinteractive.com\/shop\/"},"modified":"2025-07-12T15:49:09","modified_gmt":"2025-07-12T19:49:09","slug":"calendario","status":"publish","type":"page","link":"https:\/\/asobogh.org.bo\/?page_id=1534","title":{"rendered":"CALENDARIO DEL EVENTOS"},"content":{"rendered":"<p>[vc_row css_animation=\u00bb\u00bb row_type=\u00bbrow\u00bb use_row_as_full_screen_section=\u00bbno\u00bb type=\u00bbgrid\u00bb angled_section=\u00bbno\u00bb text_align=\u00bbleft\u00bb background_image_as_pattern=\u00bbwithout_pattern\u00bb css=\u00bb.vc_custom_1662721728760{background-color: #ffffff !important;}\u00bb z_index=\u00bb\u00bb][vc_column][vc_column_text]<\/p>\n<h2 style=\"text-align: center;\"><span style=\"color: #ff9900;\">Calendario de actividades 2025<\/span><\/h2>\n<p>[\/vc_column_text][vc_empty_space height=\u00bb42px\u00bb][\/vc_column][\/vc_row][vc_row css_animation=\u00bb\u00bb row_type=\u00bbrow\u00bb use_row_as_full_screen_section=\u00bbno\u00bb type=\u00bbgrid\u00bb angled_section=\u00bbno\u00bb text_align=\u00bbleft\u00bb background_image_as_pattern=\u00bbwithout_pattern\u00bb css=\u00bb.vc_custom_1662865698856{background-color: #ffffff !important;}\u00bb z_index=\u00bb\u00bb][vc_column css_animation=\u00bbbounceInDown\u00bb width=\u00bb1\/3&#8243;][vc_single_image image=\u00bb10048&#8243; img_size=\u00bbmedium\u00bb alignment=\u00bbcenter\u00bb qode_css_animation=\u00bb\u00bb qode_hover_animation=\u00bbzoom_in\u00bb][vc_empty_space][vc_empty_space]<div class=\"q_icon_list\"><i class=\"qode_icon_font_awesome fa fa-check qode-ili-icon-holder circle\" style=\"color: #faa100;background-color: #ffffff;border-color:#faa100;border-style:solid;border-width:1px;\" ><\/i><p style=\"\">26 y 27: XVII Congreso Internacional de Gesti\u00f3n Humana<\/p><\/div>[vc_empty_space height=\u00bb12px\u00bb]<div class=\"q_icon_list\"><i class=\"qode_icon_font_awesome fa fa-check qode-ili-icon-holder circle\" style=\"color: #faa100;background-color: #ffffff;border-color:#faa100;border-style:solid;border-width:1px;\" ><\/i><p style=\"\">18: Webinar Salud mental en las organizaciones: Factores de riesgo<\/p><\/div>[vc_empty_space height=\u00bb12px\u00bb]<div class=\"q_icon_list\"><i class=\"qode_icon_font_awesome fa fa-check qode-ili-icon-holder circle\" style=\"color: #faa100;background-color: #ffffff;border-color:#faa100;border-style:solid;border-width:1px;\" ><\/i><p style=\"\">23: Happy Hour ASOBOGH: La Paz<\/p><\/div>[vc_empty_space height=\u00bb12px\u00bb][\/vc_column][vc_column css_animation=\u00bbbounceInUp\u00bb width=\u00bb1\/3&#8243;][vc_single_image image=\u00bb10049&#8243; img_size=\u00bbmedium\u00bb alignment=\u00bbcenter\u00bb qode_css_animation=\u00bb\u00bb qode_hover_animation=\u00bbzoom_in\u00bb][vc_empty_space][vc_empty_space height=\u00bb27px\u00bb]<div class=\"q_icon_list\"><i class=\"qode_icon_font_awesome fa fa-check qode-ili-icon-holder circle\" style=\"color: #faa100;background-color: #ffffff;border-color:#faa100;border-style:solid;border-width:1px;\" ><\/i><p style=\"\">02: Reuni\u00f3n Consultores Asociados Santa Cruz<\/p><\/div>[vc_empty_space height=\u00bb12px\u00bb]<div class=\"q_icon_list\"><i class=\"qode_icon_font_awesome fa fa-check qode-ili-icon-holder circle\" style=\"color: #faa100;background-color: #ffffff;border-color:#faa100;border-style:solid;border-width:1px;\" ><\/i><p style=\"\">Inicio C\u00edrculos de reflexi\u00f3n y cocreaci\u00f3n de herramientas de gesti\u00f3n humana - COPs<\/p><\/div>[vc_empty_space height=\u00bb12px\u00bb]<div class=\"q_icon_list\"><i class=\"qode_icon_font_awesome fa fa-check qode-ili-icon-holder circle\" style=\"color: #faa100;background-color: #ffffff;border-color:#faa100;border-style:solid;border-width:1px;\" ><\/i><p style=\"\">13: Reuni\u00f3n Consultores Asociados Santa Cruz<\/p><\/div>[vc_empty_space height=\u00bb12px\u00bb]<div class=\"q_icon_list\"><i class=\"qode_icon_font_awesome fa fa-check qode-ili-icon-holder circle\" style=\"color: #faa100;background-color: #ffffff;border-color:#faa100;border-style:solid;border-width:1px;\" ><\/i><p style=\"\">15: Reuni\u00f3n Consultores Asociados Santa Cruz<\/p><\/div>[\/vc_column][vc_column css_animation=\u00bbbounceInDown\u00bb width=\u00bb1\/3&#8243;][vc_single_image image=\u00bb10050&#8243; img_size=\u00bbmedium\u00bb alignment=\u00bbcenter\u00bb qode_css_animation=\u00bb\u00bb qode_hover_animation=\u00bbzoom_in\u00bb][vc_empty_space][\/vc_column][\/vc_row][vc_row css_animation=\u00bb\u00bb row_type=\u00bbrow\u00bb use_row_as_full_screen_section=\u00bbno\u00bb type=\u00bbfull_width\u00bb angled_section=\u00bbno\u00bb text_align=\u00bbleft\u00bb background_image_as_pattern=\u00bbwithout_pattern\u00bb][vc_column][vc_empty_space height=\u00bb52px\u00bb]<div class=\"call_to_action  with_background_image\" style=\"padding-top: 80px;padding-bottom: 80px;background-image: url(https:\/\/asobogh.org.bo\/wp-content\/uploads\/2022\/09\/Banners-Asobogh-2.jpg);\"><div class=\"container_inner\"><div class=\"two_columns_75_25 clearfix\"><div class=\"text_wrapper column1\"><div class=\"call_to_action_text \" style=\"\">\u00bfC\u00f3mo puedo participar de estos eventos?<\/div><\/div><div class=\"button_wrapper column2\"><a itemprop=\"url\" href=\"https:\/\/api.whatsapp.com\/send\/?phone=59178562700&amp;text=Hola%2C+me+gustar%C3%ADa+recibir+informaci%C3%B3n+sobre+los+requisitos+para+ser+miembro&amp;type=phone_number&amp;app_absent=0\" class=\"qbutton white \" target=\"_blank\" style=\"color: #ffffff;border-color: #282a6c;background-color: #faa100;\" data-hover-background-color=#282a6c data-hover-color=#ffffff>Consultas<\/a><\/div><\/div><\/div><\/div>[\/vc_column][\/vc_row]<\/p>\n","protected":false},"excerpt":{"rendered":"<p>[vc_row css_animation=\u00bb\u00bb row_type=\u00bbrow\u00bb use_row_as_full_screen_section=\u00bbno\u00bb type=\u00bbgrid\u00bb angled_section=\u00bbno\u00bb text_align=\u00bbleft\u00bb background_image_as_pattern=\u00bbwithout_pattern\u00bb css=\u00bb.vc_custom_1662721728760{background-color: #ffffff !important;}\u00bb z_index=\u00bb\u00bb][vc_column][vc_column_text] Calendario de actividades 2025 [\/vc_column_text][vc_empty_space height=\u00bb42px\u00bb][\/vc_column][\/vc_row][vc_row css_animation=\u00bb\u00bb row_type=\u00bbrow\u00bb use_row_as_full_screen_section=\u00bbno\u00bb type=\u00bbgrid\u00bb angled_section=\u00bbno\u00bb text_align=\u00bbleft\u00bb background_image_as_pattern=\u00bbwithout_pattern\u00bb css=\u00bb.vc_custom_1662865698856{background-color: #ffffff !important;}\u00bb z_index=\u00bb\u00bb][vc_column css_animation=\u00bbbounceInDown\u00bb width=\u00bb1\/3&#8243;][vc_single_image image=\u00bb10048&#8243; img_size=\u00bbmedium\u00bb alignment=\u00bbcenter\u00bb qode_css_animation=\u00bb\u00bb qode_hover_animation=\u00bbzoom_in\u00bb][vc_empty_space][vc_empty_space][vc_empty_space height=\u00bb12px\u00bb][vc_empty_space height=\u00bb12px\u00bb][vc_empty_space height=\u00bb12px\u00bb][\/vc_column][vc_column css_animation=\u00bbbounceInUp\u00bb width=\u00bb1\/3&#8243;][vc_single_image image=\u00bb10049&#8243; img_size=\u00bbmedium\u00bb alignment=\u00bbcenter\u00bb qode_css_animation=\u00bb\u00bb&#8230;<\/p>\n","protected":false},"author":2,"featured_media":0,"parent":0,"menu_order":0,"comment_status":"closed","ping_status":"closed","template":"full_width.php","meta":{"footnotes":""},"class_list":["post-1534","page","type-page","status-publish","hentry"],"_links":{"self":[{"href":"https:\/\/asobogh.org.bo\/index.php?rest_route=\/wp\/v2\/pages\/1534","targetHints":{"allow":["GET"]}}],"collection":[{"href":"https:\/\/asobogh.org.bo\/index.php?rest_route=\/wp\/v2\/pages"}],"about":[{"href":"https:\/\/asobogh.org.bo\/index.php?rest_route=\/wp\/v2\/types\/page"}],"author":[{"embeddable":true,"href":"https:\/\/asobogh.org.bo\/index.php?rest_route=\/wp\/v2\/users\/2"}],"replies":[{"embeddable":true,"href":"https:\/\/asobogh.org.bo\/index.php?rest_route=%2Fwp%2Fv2%2Fcomments&post=1534"}],"version-history":[{"count":11,"href":"https:\/\/asobogh.org.bo\/index.php?rest_route=\/wp\/v2\/pages\/1534\/revisions"}],"predecessor-version":[{"id":10051,"href":"https:\/\/asobogh.org.bo\/index.php?rest_route=\/wp\/v2\/pages\/1534\/revisions\/10051"}],"wp:attachment":[{"href":"https:\/\/asobogh.org.bo\/index.php?rest_route=%2Fwp%2Fv2%2Fmedia&parent=1534"}],"curies":[{"name":"wp","href":"https:\/\/api.w.org\/{rel}","templated":true}]}}